{"id":1135,"date":"2023-12-20T19:06:00","date_gmt":"2023-12-20T18:06:00","guid":{"rendered":"https:\/\/datalover.fr\/?page_id=1135"},"modified":"2024-01-29T09:45:25","modified_gmt":"2024-01-29T08:45:25","slug":"segmentation-rfm","status":"publish","type":"page","link":"https:\/\/datalover.fr\/index.php\/segmentation-rfm\/","title":{"rendered":"Segmentation RFM"},"content":{"rendered":"\t\t<div data-elementor-type=\"wp-page\" data-elementor-id=\"1135\" class=\"elementor elementor-1135\" data-elementor-post-type=\"page\">\n\t\t\t\t<div class=\"elementor-element elementor-element-ffaa148 e-flex e-con-boxed e-con e-parent\" data-id=\"ffaa148\" data-element_type=\"container\" data-e-type=\"container\">\n\t\t\t\t\t<div class=\"e-con-inner\">\n\t\t\t\t<div class=\"elementor-element elementor-element-db97fa0 elementor-widget elementor-widget-text-editor\" data-id=\"db97fa0\" data-element_type=\"widget\" data-e-type=\"widget\" data-widget_type=\"text-editor.default\">\n\t\t\t\t<div class=\"elementor-widget-container\">\n\t\t\t\t\t\t\t\t\t<strong>Probl\u00e9matique<\/strong> :<\/br> Notre entreprise vend en ligne des livres \u00e0 8&rsquo;000 clients aux profils vari\u00e9s. Qu&rsquo;est-ce qui les diff\u00e9rencie, et comment identifier les plus int\u00e9ressants pour ce business?\t\t\t\t\t\t\t\t<\/div>\n\t\t\t\t<\/div>\n\t\t\t\t\t<\/div>\n\t\t\t\t<\/div>\n\t\t<div class=\"elementor-element elementor-element-876e1e6 e-flex e-con-boxed e-con e-parent\" data-id=\"876e1e6\" data-element_type=\"container\" data-e-type=\"container\">\n\t\t\t\t\t<div class=\"e-con-inner\">\n\t\t\t\t<div class=\"elementor-element elementor-element-b74198e elementor-widget elementor-widget-text-editor\" data-id=\"b74198e\" data-element_type=\"widget\" data-e-type=\"widget\" data-widget_type=\"text-editor.default\">\n\t\t\t\t<div class=\"elementor-widget-container\">\n\t\t\t\t\t\t\t\t\t<p><strong>Data<\/strong> :<br \/>Un fichier de 8&rsquo;600 <span style=\"text-decoration: underline;\">clients<\/span> (format .csv) avec identifiant, ann\u00e9e de naissance, et genre.<\/p><p>Un fichier de 3&rsquo;200 r\u00e9f\u00e9rences <span style=\"text-decoration: underline;\">produits<\/span> (format .csv)<\/p><p>Un fichier de 680&rsquo;000 <span style=\"text-decoration: underline;\">transactions<\/span> sur 2 ans d&rsquo;activit\u00e9 (format .csv)<\/p><p>Les donn\u00e9es seront trait\u00e9es par le langage <strong>Python<\/strong> \u00e0 travers un notebook Jupyter<\/p>\t\t\t\t\t\t\t\t<\/div>\n\t\t\t\t<\/div>\n\t\t\t\t\t<\/div>\n\t\t\t\t<\/div>\n\t\t<div class=\"elementor-element elementor-element-ced71aa e-flex e-con-boxed e-con e-parent\" data-id=\"ced71aa\" data-element_type=\"container\" data-e-type=\"container\">\n\t\t\t\t\t<div class=\"e-con-inner\">\n\t\t\t\t<div class=\"elementor-element elementor-element-791182d elementor-widget elementor-widget-text-editor\" data-id=\"791182d\" data-element_type=\"widget\" data-e-type=\"widget\" data-widget_type=\"text-editor.default\">\n\t\t\t\t<div class=\"elementor-widget-container\">\n\t\t\t\t\t\t\t\t\t<p><strong>Traitement des donn\u00e9es<\/strong> :<\/p><p>\u00a0<\/p>\t\t\t\t\t\t\t\t<\/div>\n\t\t\t\t<\/div>\n\t\t\t\t\t<\/div>\n\t\t\t\t<\/div>\n\t\t\t\t<\/div>\n\t\t","protected":false},"excerpt":{"rendered":"<p>Probl\u00e9matique : Notre entreprise vend en ligne des livres \u00e0 8&rsquo;000 clients aux profils vari\u00e9s. Qu&rsquo;est-ce qui les diff\u00e9rencie, et comment identifier les plus int\u00e9ressants pour ce business? Data :Un fichier de 8&rsquo;600 clients (format .csv) avec identifiant, ann\u00e9e de naissance, et genre. Un fichier de 3&rsquo;200 r\u00e9f\u00e9rences produits (format .csv) Un fichier de 680&rsquo;000&hellip; <a class=\"more-link\" href=\"https:\/\/datalover.fr\/index.php\/segmentation-rfm\/\">Poursuivre la lecture <span class=\"screen-reader-text\">Segmentation RFM<\/span><\/a><\/p>\n","protected":false},"author":1,"featured_media":0,"parent":0,"menu_order":0,"comment_status":"closed","ping_status":"closed","template":"","meta":{"footnotes":""},"class_list":["post-1135","page","type-page","status-publish","hentry","entry"],"_links":{"self":[{"href":"https:\/\/datalover.fr\/index.php\/wp-json\/wp\/v2\/pages\/1135","targetHints":{"allow":["GET"]}}],"collection":[{"href":"https:\/\/datalover.fr\/index.php\/wp-json\/wp\/v2\/pages"}],"about":[{"href":"https:\/\/datalover.fr\/index.php\/wp-json\/wp\/v2\/types\/page"}],"author":[{"embeddable":true,"href":"https:\/\/datalover.fr\/index.php\/wp-json\/wp\/v2\/users\/1"}],"replies":[{"embeddable":true,"href":"https:\/\/datalover.fr\/index.php\/wp-json\/wp\/v2\/comments?post=1135"}],"version-history":[{"count":10,"href":"https:\/\/datalover.fr\/index.php\/wp-json\/wp\/v2\/pages\/1135\/revisions"}],"predecessor-version":[{"id":1159,"href":"https:\/\/datalover.fr\/index.php\/wp-json\/wp\/v2\/pages\/1135\/revisions\/1159"}],"wp:attachment":[{"href":"https:\/\/datalover.fr\/index.php\/wp-json\/wp\/v2\/media?parent=1135"}],"curies":[{"name":"wp","href":"https:\/\/api.w.org\/{rel}","templated":true}]}}