{"id":289,"date":"2023-10-09T11:05:13","date_gmt":"2023-10-09T09:05:13","guid":{"rendered":"https:\/\/datalover.fr\/?page_id=289"},"modified":"2024-09-26T16:43:17","modified_gmt":"2024-09-26T14:43:17","slug":"dashboard","status":"publish","type":"page","link":"https:\/\/datalover.fr\/index.php\/dashboard\/","title":{"rendered":"L&rsquo;essence en France"},"content":{"rendered":"\t\t<div data-elementor-type=\"wp-page\" data-elementor-id=\"289\" class=\"elementor elementor-289\" data-elementor-post-type=\"page\">\n\t\t\t\t<div class=\"elementor-element elementor-element-fa92db5 e-flex e-con-boxed e-con e-parent\" data-id=\"fa92db5\" data-element_type=\"container\" data-e-type=\"container\">\n\t\t\t\t\t<div class=\"e-con-inner\">\n\t\t\t\t<div class=\"elementor-element elementor-element-a468768 elementor-widget elementor-widget-heading\" data-id=\"a468768\" data-element_type=\"widget\" data-e-type=\"widget\" data-widget_type=\"heading.default\">\n\t\t\t\t<div class=\"elementor-widget-container\">\n\t\t\t\t\t<h2 class=\"elementor-heading-title elementor-size-default\">Contexte<\/h2>\t\t\t\t<\/div>\n\t\t\t\t<\/div>\n\t\t\t\t<div class=\"elementor-element elementor-element-2166a97 elementor-widget elementor-widget-text-editor\" data-id=\"2166a97\" data-element_type=\"widget\" data-e-type=\"widget\" data-widget_type=\"text-editor.default\">\n\t\t\t\t<div class=\"elementor-widget-container\">\n\t\t\t\t\t\t\t\t\t<p>Comment \u00e7a <strong><em>2\u20ac<\/em><\/strong> le litre d&rsquo;essence?? Regardons d&rsquo;un peu plus pr\u00e8s ce qui se passe en <span style=\"text-decoration: underline;\">France<\/span> depuis quelques ann\u00e9es, avec une analyse descriptive. Contextualiser avec des donn\u00e9es <span style=\"text-decoration: underline;\">mondiales<\/span>, et donner quelques <span style=\"text-decoration: underline;\">indicateurs \u00e9conomiques<\/span> pertinents.<\/p>\t\t\t\t\t\t\t\t<\/div>\n\t\t\t\t<\/div>\n\t\t\t\t\t<\/div>\n\t\t\t\t<\/div>\n\t\t<div class=\"elementor-element elementor-element-6031d94 e-flex e-con-boxed e-con e-parent\" data-id=\"6031d94\" data-element_type=\"container\" data-e-type=\"container\">\n\t\t\t\t\t<div class=\"e-con-inner\">\n\t\t\t\t<div class=\"elementor-element elementor-element-cef64bd elementor-widget elementor-widget-heading\" data-id=\"cef64bd\" data-element_type=\"widget\" data-e-type=\"widget\" data-widget_type=\"heading.default\">\n\t\t\t\t<div class=\"elementor-widget-container\">\n\t\t\t\t\t<h2 class=\"elementor-heading-title elementor-size-default\">Objectifs<\/h2>\t\t\t\t<\/div>\n\t\t\t\t<\/div>\n\t\t\t\t<div class=\"elementor-element elementor-element-14e307f elementor-widget elementor-widget-text-editor\" data-id=\"14e307f\" data-element_type=\"widget\" data-e-type=\"widget\" data-widget_type=\"text-editor.default\">\n\t\t\t\t<div class=\"elementor-widget-container\">\n\t\t\t\t\t\t\t\t\t<ul><li><strong>D\u00e9composer <\/strong>le co\u00fbt d&rsquo;un litre d&rsquo;essence pour savoir ce que l&rsquo;on paye en France, sur une p\u00e9riode de 9 ans.<\/li><li>Comprendre les <strong>raisons<\/strong> de l&rsquo;augmentation, les leviers sous-jacents (li\u00e9s \u00e0 l&rsquo;actualit\u00e9 et aux d\u00e9cisions de l&rsquo;Etat).<\/li><li>Connaitre les <strong>principaux acteurs<\/strong> du march\u00e9 dans le monde et l&rsquo;\u00e9volution sur 60 ans.<\/li><li>S\u00e9lectionner les bonnes donn\u00e9es pour alimenter l&rsquo;analyse, et les mettre en valeur dans le bon format de <strong>data visualisation<\/strong>. Le tout dans un tableau de bord lisible et accessible \u00e0 tous.<\/li><\/ul>\t\t\t\t\t\t\t\t<\/div>\n\t\t\t\t<\/div>\n\t\t\t\t\t<\/div>\n\t\t\t\t<\/div>\n\t\t<div class=\"elementor-element elementor-element-8f7bac2 e-flex e-con-boxed e-con e-parent\" data-id=\"8f7bac2\" data-element_type=\"container\" data-e-type=\"container\">\n\t\t\t\t\t<div class=\"e-con-inner\">\n\t\t\t\t<div class=\"elementor-element elementor-element-32f153e elementor-widget elementor-widget-heading\" data-id=\"32f153e\" data-element_type=\"widget\" data-e-type=\"widget\" data-widget_type=\"heading.default\">\n\t\t\t\t<div class=\"elementor-widget-container\">\n\t\t\t\t\t<h2 class=\"elementor-heading-title elementor-size-default\">R\u00e9sultats<\/h2>\t\t\t\t<\/div>\n\t\t\t\t<\/div>\n\t\t\t\t<div class=\"elementor-element elementor-element-5e838d0 elementor-widget elementor-widget-text-editor\" data-id=\"5e838d0\" data-element_type=\"widget\" data-e-type=\"widget\" data-widget_type=\"text-editor.default\">\n\t\t\t\t<div class=\"elementor-widget-container\">\n\t\t\t\t\t\t\t\t\tUne id\u00e9e plus claire de la <strong>situation actuelle<\/strong>, et de <strong>l&rsquo;avenir<\/strong> avec une projection modulable par l&rsquo;utilisateur du tableau de bord sur l&rsquo;outil <a href=\"https:\/\/public.tableau.com\/views\/Etudeessence\/Ptrole?:language=en-US&amp;:display_count=n&amp;:origin=viz_share_link\"><strong><span style=\"text-decoration: underline;\">Tableau Public<\/span><\/strong><\/a>\t\t\t\t\t\t\t\t<\/div>\n\t\t\t\t<\/div>\n\t\t\t\t\t<\/div>\n\t\t\t\t<\/div>\n\t\t<div class=\"elementor-element elementor-element-667f168 e-flex e-con-boxed e-con e-parent\" data-id=\"667f168\" data-element_type=\"container\" data-e-type=\"container\">\n\t\t\t\t\t<div class=\"e-con-inner\">\n\t\t\t\t<div class=\"elementor-element elementor-element-b5c7226 elementor-widget elementor-widget-heading\" data-id=\"b5c7226\" data-element_type=\"widget\" data-e-type=\"widget\" data-widget_type=\"heading.default\">\n\t\t\t\t<div class=\"elementor-widget-container\">\n\t\t\t\t\t<h1 class=\"elementor-heading-title elementor-size-default\"><a href=\"https:\/\/public.tableau.com\/shared\/96ZY5T6D3?:display_count=n&#038;:origin=viz_share_link\">Analyse France<\/a><\/h1>\t\t\t\t<\/div>\n\t\t\t\t<\/div>\n\t\t\t\t<div class=\"elementor-element elementor-element-681e8ac elementor-widget elementor-widget-image\" data-id=\"681e8ac\" data-element_type=\"widget\" data-e-type=\"widget\" data-widget_type=\"image.default\">\n\t\t\t\t<div class=\"elementor-widget-container\">\n\t\t\t\t\t\t\t\t\t\t\t\t<figure class=\"wp-caption\">\n\t\t\t\t\t\t\t\t\t\t\t<a href=\"https:\/\/datalover.fr\/wp-content\/uploads\/2023\/10\/France-1.png\" data-elementor-open-lightbox=\"yes\" data-elementor-lightbox-title=\"France\" data-e-action-hash=\"#elementor-action%3Aaction%3Dlightbox%26settings%3DeyJpZCI6NDkyLCJ1cmwiOiJodHRwczpcL1wvZGF0YWxvdmVyLmZyXC93cC1jb250ZW50XC91cGxvYWRzXC8yMDIzXC8xMFwvRnJhbmNlLTEucG5nIn0%3D\">\n\t\t\t\t\t\t\t<img fetchpriority=\"high\" decoding=\"async\" width=\"1536\" height=\"909\" src=\"https:\/\/datalover.fr\/wp-content\/uploads\/2023\/10\/France-1-1536x909.png\" class=\"attachment-1536x1536 size-1536x1536 wp-image-492\" alt=\"\" srcset=\"https:\/\/datalover.fr\/wp-content\/uploads\/2023\/10\/France-1-1536x909.png 1536w, https:\/\/datalover.fr\/wp-content\/uploads\/2023\/10\/France-1-300x178.png 300w, https:\/\/datalover.fr\/wp-content\/uploads\/2023\/10\/France-1-1024x606.png 1024w, https:\/\/datalover.fr\/wp-content\/uploads\/2023\/10\/France-1-768x455.png 768w, https:\/\/datalover.fr\/wp-content\/uploads\/2023\/10\/France-1-1568x928.png 1568w, https:\/\/datalover.fr\/wp-content\/uploads\/2023\/10\/France-1.png 1657w\" sizes=\"(max-width: 1536px) 100vw, 1536px\" style=\"width:100%;height:59.2%;max-width:1657px\" \/>\t\t\t\t\t\t\t\t<\/a>\n\t\t\t\t\t\t\t\t\t\t\t<figcaption class=\"widget-image-caption wp-caption-text\">Etude essence datalover 2023 - France<\/figcaption>\n\t\t\t\t\t\t\t\t\t\t<\/figure>\n\t\t\t\t\t\t\t\t\t<\/div>\n\t\t\t\t<\/div>\n\t\t\t\t<div class=\"elementor-element elementor-element-523a51a elementor-widget elementor-widget-text-editor\" data-id=\"523a51a\" data-element_type=\"widget\" data-e-type=\"widget\" data-widget_type=\"text-editor.default\">\n\t\t\t\t<div class=\"elementor-widget-container\">\n\t\t\t\t\t\t\t\t\t<ul><li><strong>TICPE<\/strong> : depuis 2014, les diff\u00e9rentes taxes int\u00e9rieures de consommation incluent une \u00ab composante carbone \u00bb en euros par tonne de CO\u00b2 \u00e9mise du fait de la combustion de ces combustibles. Elle a atteint 44,6 \u20ac par tonne de CO\u00b2 en 2018. C&rsquo;est un montant fixe qui est aujourd&rsquo;hui de 70cts par litre d&rsquo;essence sans plomb, en IdF. La TICPE devait augmenter progressivement pour financer la transition \u00e9cologique, mais la crise des gilets jaunes en 2018 a stabilis\u00e9 le montant. En Ile-de-France, nous avons en plus une <strong>majoration<\/strong> qui finance le d\u00e9veloppement de ces transports en commun plus \u00e9colo\u2026 <a href=\"https:\/\/www.douane.gouv.fr\/la-douane\/informations\/bulletins-officiels-des-douanes\/da\/23-007\">source<\/a><\/li><\/ul><ul><li><strong>TVA<\/strong> : 20% sur l&rsquo;ensemble des postes qui constituent 1L d&rsquo;essence, soit une TVA appliqu\u00e9e \u00e9galement sur la TICPE.<\/li><li><strong>Marge de raffinage-stockage-distribution<\/strong> : c&rsquo;est la part restante constat\u00e9e entre la composition d&rsquo;1L d&rsquo;essence Sp95 et le <a href=\"https:\/\/www.energiesetmobilites.fr\/\">prix<\/a> de vente moyen.<\/li><li><strong>Impact de change<\/strong> : la part de mati\u00e8re premi\u00e8re (essence) provient du cours du <a href=\"https:\/\/www.boursorama.com\/bourse\/matieres-premieres\/cours\/8xBRN\/\">Brent crude oil<\/a> c\u00f4t\u00e9 en $, que nous achetons en \u20ac. il y a donc parfois un effet de change qui peut \u00eatre favorable (quand le $ est faible) ou d\u00e9favorable (quand le $ est fort).<\/li><li><strong>Remises de l&rsquo;Etat<\/strong> : coups de pouce en \u20ac \u00e0 la pompe pour contrer la hausse du prix du Brent dans le contexte de l&rsquo;attaque Russe en Ukraine (2022).<\/li><\/ul><p>&#8211;&gt; <span style=\"text-decoration: underline;\"><strong>Analyse<\/strong> <\/span>: en 2023 il semblerait que la marge r\u00e9siduelle ait augment\u00e9 (l&rsquo;\u00e9cart entre la composition du litre et son prix de vente), au profit des exploitants de p\u00e9trole.<\/p><p lang=\"en-US\">\u00a0<\/p>\t\t\t\t\t\t\t\t<\/div>\n\t\t\t\t<\/div>\n\t\t\t\t\t<\/div>\n\t\t\t\t<\/div>\n\t\t<div class=\"elementor-element elementor-element-2dd0e17 e-flex e-con-boxed e-con e-parent\" data-id=\"2dd0e17\" data-element_type=\"container\" data-e-type=\"container\">\n\t\t\t\t\t<div class=\"e-con-inner\">\n\t\t\t\t<div class=\"elementor-element elementor-element-b5bc741 elementor-widget elementor-widget-heading\" data-id=\"b5bc741\" data-element_type=\"widget\" data-e-type=\"widget\" data-widget_type=\"heading.default\">\n\t\t\t\t<div class=\"elementor-widget-container\">\n\t\t\t\t\t<h2 class=\"elementor-heading-title elementor-size-default\"><a href=\"https:\/\/public.tableau.com\/shared\/KCDD5K2R8?:display_count=n&#038;:origin=viz_share_link\">Analyse monde<\/a><\/h2>\t\t\t\t<\/div>\n\t\t\t\t<\/div>\n\t\t\t\t<div class=\"elementor-element elementor-element-130bd71 elementor-widget elementor-widget-image\" data-id=\"130bd71\" data-element_type=\"widget\" data-e-type=\"widget\" data-widget_type=\"image.default\">\n\t\t\t\t<div class=\"elementor-widget-container\">\n\t\t\t\t\t\t\t\t\t\t\t\t<figure class=\"wp-caption\">\n\t\t\t\t\t\t\t\t\t\t\t<a href=\"https:\/\/datalover.fr\/wp-content\/uploads\/2023\/10\/Dans-le-Monde-1.png\" data-elementor-open-lightbox=\"yes\" data-elementor-lightbox-title=\"Dans le Monde\" data-e-action-hash=\"#elementor-action%3Aaction%3Dlightbox%26settings%3DeyJpZCI6NDkzLCJ1cmwiOiJodHRwczpcL1wvZGF0YWxvdmVyLmZyXC93cC1jb250ZW50XC91cGxvYWRzXC8yMDIzXC8xMFwvRGFucy1sZS1Nb25kZS0xLnBuZyJ9\">\n\t\t\t\t\t\t\t<img decoding=\"async\" width=\"1536\" height=\"909\" src=\"https:\/\/datalover.fr\/wp-content\/uploads\/2023\/10\/Dans-le-Monde-1-1536x909.png\" class=\"attachment-1536x1536 size-1536x1536 wp-image-493\" alt=\"\" srcset=\"https:\/\/datalover.fr\/wp-content\/uploads\/2023\/10\/Dans-le-Monde-1-1536x909.png 1536w, https:\/\/datalover.fr\/wp-content\/uploads\/2023\/10\/Dans-le-Monde-1-300x178.png 300w, https:\/\/datalover.fr\/wp-content\/uploads\/2023\/10\/Dans-le-Monde-1-1024x606.png 1024w, https:\/\/datalover.fr\/wp-content\/uploads\/2023\/10\/Dans-le-Monde-1-768x455.png 768w, https:\/\/datalover.fr\/wp-content\/uploads\/2023\/10\/Dans-le-Monde-1-1568x928.png 1568w, https:\/\/datalover.fr\/wp-content\/uploads\/2023\/10\/Dans-le-Monde-1.png 1657w\" sizes=\"(max-width: 1536px) 100vw, 1536px\" style=\"width:100%;height:59.2%;max-width:1657px\" \/>\t\t\t\t\t\t\t\t<\/a>\n\t\t\t\t\t\t\t\t\t\t\t<figcaption class=\"widget-image-caption wp-caption-text\">Etude Essence 2023 - Monde<\/figcaption>\n\t\t\t\t\t\t\t\t\t\t<\/figure>\n\t\t\t\t\t\t\t\t\t<\/div>\n\t\t\t\t<\/div>\n\t\t\t\t<div class=\"elementor-element elementor-element-0b2a331 elementor-widget elementor-widget-text-editor\" data-id=\"0b2a331\" data-element_type=\"widget\" data-e-type=\"widget\" data-widget_type=\"text-editor.default\">\n\t\t\t\t<div class=\"elementor-widget-container\">\n\t\t\t\t\t\t\t\t\t<p>Les <a href=\"https:\/\/asb.opec.org\/data\/ASB_Data.php\">r\u00e9serves<\/a> de p\u00e9trole dans le monde nous permettent encore <strong>43 ans<\/strong> de consommation (au niveau de la demande 2022).<\/p><p>Les prix \u00e0 la pompe sont <strong>tr\u00e8s variables<\/strong> dans le monde, selon si on est producteur de p\u00e9trole ou non.<\/p><p>Les USA semblent \u00eatre tr\u00e8s d\u00e9pendants dans le p\u00e9trole.<\/p>\t\t\t\t\t\t\t\t<\/div>\n\t\t\t\t<\/div>\n\t\t\t\t\t<\/div>\n\t\t\t\t<\/div>\n\t\t<div class=\"elementor-element elementor-element-316a064 e-flex e-con-boxed e-con e-parent\" data-id=\"316a064\" data-element_type=\"container\" data-e-type=\"container\">\n\t\t\t\t\t<div class=\"e-con-inner\">\n\t\t\t\t<div class=\"elementor-element elementor-element-a6b6d28 elementor-widget elementor-widget-heading\" data-id=\"a6b6d28\" data-element_type=\"widget\" data-e-type=\"widget\" data-widget_type=\"heading.default\">\n\t\t\t\t<div class=\"elementor-widget-container\">\n\t\t\t\t\t<h2 class=\"elementor-heading-title elementor-size-default\"><a href=\"https:\/\/public.tableau.com\/shared\/9BWC7HNWQ?:display_count=n&#038;:origin=viz_share_link\">Indicateurs \u00e9conomiques<\/a><\/h2>\t\t\t\t<\/div>\n\t\t\t\t<\/div>\n\t\t\t\t<div class=\"elementor-element elementor-element-32c7775 elementor-widget elementor-widget-image\" data-id=\"32c7775\" data-element_type=\"widget\" data-e-type=\"widget\" data-widget_type=\"image.default\">\n\t\t\t\t<div class=\"elementor-widget-container\">\n\t\t\t\t\t\t\t\t\t\t\t\t<figure class=\"wp-caption\">\n\t\t\t\t\t\t\t\t\t\t\t<a href=\"https:\/\/datalover.fr\/wp-content\/uploads\/2023\/10\/Indicateurs-economiques.png\" data-elementor-open-lightbox=\"yes\" data-elementor-lightbox-title=\"Indicateurs \u00e9conomiques\" data-e-action-hash=\"#elementor-action%3Aaction%3Dlightbox%26settings%3DeyJpZCI6NDk3LCJ1cmwiOiJodHRwczpcL1wvZGF0YWxvdmVyLmZyXC93cC1jb250ZW50XC91cGxvYWRzXC8yMDIzXC8xMFwvSW5kaWNhdGV1cnMtZWNvbm9taXF1ZXMucG5nIn0%3D\">\n\t\t\t\t\t\t\t<img decoding=\"async\" width=\"750\" height=\"444\" src=\"https:\/\/datalover.fr\/wp-content\/uploads\/2023\/10\/Indicateurs-economiques-1024x606.png\" class=\"attachment-large size-large wp-image-497\" alt=\"\" srcset=\"https:\/\/datalover.fr\/wp-content\/uploads\/2023\/10\/Indicateurs-economiques-1024x606.png 1024w, https:\/\/datalover.fr\/wp-content\/uploads\/2023\/10\/Indicateurs-economiques-300x178.png 300w, https:\/\/datalover.fr\/wp-content\/uploads\/2023\/10\/Indicateurs-economiques-768x455.png 768w, https:\/\/datalover.fr\/wp-content\/uploads\/2023\/10\/Indicateurs-economiques-1536x909.png 1536w, https:\/\/datalover.fr\/wp-content\/uploads\/2023\/10\/Indicateurs-economiques-1568x928.png 1568w, https:\/\/datalover.fr\/wp-content\/uploads\/2023\/10\/Indicateurs-economiques.png 1657w\" sizes=\"(max-width: 750px) 100vw, 750px\" style=\"width:100%;height:59.2%;max-width:1657px\" \/>\t\t\t\t\t\t\t\t<\/a>\n\t\t\t\t\t\t\t\t\t\t\t<figcaption class=\"widget-image-caption wp-caption-text\">Etude Essence 2023 - Indicateurs Economiques<\/figcaption>\n\t\t\t\t\t\t\t\t\t\t<\/figure>\n\t\t\t\t\t\t\t\t\t<\/div>\n\t\t\t\t<\/div>\n\t\t\t\t<div class=\"elementor-element elementor-element-ce7e975 elementor-widget elementor-widget-text-editor\" data-id=\"ce7e975\" data-element_type=\"widget\" data-e-type=\"widget\" data-widget_type=\"text-editor.default\">\n\t\t\t\t<div class=\"elementor-widget-container\">\n\t\t\t\t\t\t\t\t\t<p>Le coup de pouce de <a href=\"https:\/\/www.budget.gouv.fr\/documentation\/comptes-de-letat\/comptes-de-letat-2022\">l&rsquo;Etat <\/a>\u00e0 la pompe en 2022 a co\u00fbt\u00e9 8.6 milliards \u20ac.<\/p>\t\t\t\t\t\t\t\t<\/div>\n\t\t\t\t<\/div>\n\t\t\t\t\t<\/div>\n\t\t\t\t<\/div>\n\t\t\t\t<\/div>\n\t\t","protected":false},"excerpt":{"rendered":"<p>Contexte Comment \u00e7a 2\u20ac le litre d&rsquo;essence?? Regardons d&rsquo;un peu plus pr\u00e8s ce qui se passe en France depuis quelques ann\u00e9es, avec une analyse descriptive. Contextualiser avec des donn\u00e9es mondiales, et donner quelques indicateurs \u00e9conomiques pertinents. Objectifs D\u00e9composer le co\u00fbt d&rsquo;un litre d&rsquo;essence pour savoir ce que l&rsquo;on paye en France, sur une p\u00e9riode de&hellip; <a class=\"more-link\" href=\"https:\/\/datalover.fr\/index.php\/dashboard\/\">Poursuivre la lecture <span class=\"screen-reader-text\">L&rsquo;essence en France<\/span><\/a><\/p>\n","protected":false},"author":1,"featured_media":0,"parent":0,"menu_order":0,"comment_status":"closed","ping_status":"closed","template":"","meta":{"footnotes":""},"class_list":["post-289","page","type-page","status-publish","hentry","entry"],"_links":{"self":[{"href":"https:\/\/datalover.fr\/index.php\/wp-json\/wp\/v2\/pages\/289","targetHints":{"allow":["GET"]}}],"collection":[{"href":"https:\/\/datalover.fr\/index.php\/wp-json\/wp\/v2\/pages"}],"about":[{"href":"https:\/\/datalover.fr\/index.php\/wp-json\/wp\/v2\/types\/page"}],"author":[{"embeddable":true,"href":"https:\/\/datalover.fr\/index.php\/wp-json\/wp\/v2\/users\/1"}],"replies":[{"embeddable":true,"href":"https:\/\/datalover.fr\/index.php\/wp-json\/wp\/v2\/comments?post=289"}],"version-history":[{"count":70,"href":"https:\/\/datalover.fr\/index.php\/wp-json\/wp\/v2\/pages\/289\/revisions"}],"predecessor-version":[{"id":1210,"href":"https:\/\/datalover.fr\/index.php\/wp-json\/wp\/v2\/pages\/289\/revisions\/1210"}],"wp:attachment":[{"href":"https:\/\/datalover.fr\/index.php\/wp-json\/wp\/v2\/media?parent=289"}],"curies":[{"name":"wp","href":"https:\/\/api.w.org\/{rel}","templated":true}]}}